ided by u?
23
Let x(s) = 263*s**3 + 7*s**2 - 11*s + 4. What is the remainder when 4206 is divided by x(1)?
261
Suppose -3*b + 52 = -3*q - 5, -2*q = -4*b + 80. What is the remainder when 80 is divided by b?
17
Let b = -215 - -364. Suppose 11*s - 349 - 531 = 0. Calculate the remainder when b is divided by s.
69
Suppose -3964 = 2*w + 10*w - 0*w - 11488. Calculate the remainder when w is divided by ((-9)/(-2))/(6/56).
39
Let k = 4096 + -4089. Calculate the remainder when 361 is divided by k.
4
Let z(b) = -313*b - 367. What is the remainder when 528 is divided by z(-2)?
10
Suppose -176*i + 10920 = -85*i + 77*i. Calculate the remainder when 191 is divided by i.
61
Suppose -162126 = -8*c + 2*c - 12*c. Calculate the remainder when c is divided by 17.
14
Suppose -29*p = 162 - 1554. Let v(b) = 3*b - 31 + 2*b - 7*b + 22*b. What is the remainder when v(11) is divided by p?
45
Let s = 418 + -28. Let y(k) = -23*k**3 - 2*k**2 + 2. What is the remainder when s is divided by y(-1)?
22
Suppose -3*c = -2*i - 20, 0*i + 2*i = 2*c - 16. Let d = i - -7. Suppose d*x = 2*x + 38. Calculate the remainder when 151 is divided by x.
37
Suppose 2 = 5*h - 3*o - 3, h - o = -1. Suppose 5*g = 5*b - 845, h*b - 2*g - 429 = 253. Let q = -135 + b. Calculate the remainder when q is divided by 13.
11
Let u = -725 + 752. Let k = u - -148. What is the remainder when k is divided by 92?
83
Let o be (92/(-115))/((-2)/10). Suppose 77 = -s + 81, o*s = -2*f + 204. What is the remainder when f is divided by 55?
39
Suppose -3*w - 4*o - 475 + 566 = 0, 56 = 2*w + 2*o. Suppose 0 = 3*q + 2*q - 450. Suppose q + 34 = 2*s. Calculate the remainder when s is divided by w.
20
Suppose -31*i + 4180 = 1263 - 586. Calculate the remainder when 1520 is divided by i.
51
Let o = -33171 - -33437. What is the remainder when 2395 is divided by o?
1
What is the remainder when 1135 is divided by (-212751)/(-726) + 1/(-22)?
256
Suppose -20 = -11*f + 13. Suppose -4*z + 172 = 3*l, f*z = -6*l + 4*l + 115. Calculate the remainder when 167 is divided by l.
55
What is the remainder when 69 + (-2 - (2 - 2)) is divided by (352/(-66))/(-16) - (-110)/3?
30
Let u(h) = 27*h + 92. Let o be u(16). Let t = o - 511. What is the remainder when 24 is divided by t?
11
Let a(v) = 4*v + 367. What is the remainder when a(22) is divided by 87?
20
Let k be -2*((-4)/(24/9) - 1333). Suppose -10*y - k = -7109. Suppose 3*p - y = -2*r, 499 = 4*r - 3*p - 425. What is the remainder when r is divided by 58?
54
Let d(o) = -3*o**3 + 3*o**2 + o - 17. Let x(t) = t**3 - t**2 - t. Let r(a) = d(a) + 4*x(a). What is the remainder when r(4) is divided by 6?
1
Suppose 5*c - 223 = 327. Suppose 4*a - 58 = -z, -4*z + z + 2*a = -230. Let r = z + -46. What is the remainder when c is divided by r?
26
Let d(v) = 26*v + 24. Let r be d(10). Let k = -278 + r. What is the remainder when 122 is divided by k?
2
Let i = 45 - -55. Suppose 110*r = -10*r + 1800. Calculate the remainder when i is divided by r.
10
Calculate the remainder when 1128 is divided by 28*(10/8 + (-450)/216)*-6.
8
Suppose -2*d - 11 = -5*z - 0*d, -4*z = 5*d - 22. Suppose 26*j + 1413 = 2141. What is the remainder when j is divided by (30/(-4))/(z/(-6))?
13
Let p(d) = -111*d + 1906. Calculate the remainder when 148 is divided by p(16).
18
Let u be 3/5 - (-1261)/65. Suppose 16*p = u*p + 56. Calculate the remainder when p/(-4) + 21/(-6) + 4 is divided by 2.
0
Let y(o) = -121*o - 1324. Calculate the remainder when 180 is divided by y(-11).
5
Let w(a) = -a**3 + 23*a**2 - 17*a - 89. Suppose 37*f = -2*t + 40*f + 56, -f = -4*t + 92. Calculate the remainder when 35 is divided by w(t).
14
Let y(i) = i**2 - 4*i - 2. Let l be y(5). Suppose -b + 12 = l*b. Suppose -b*m + 77 = 11. What is the remainder when m is divided by 9?
4
Suppose 0 = -4*r + 4*p + 32, 25 = -p - 4*p. What is the remainder when (-12 - (-12)/r)*35/(-4) is divided by 37?
33
Suppose 3*d = -t + 1821, -6*t - 629 = -d - 10*t. What is the remainder when d is divided by 76?
73
Let q = -108 + 104. Let j be ((-30)/5 - q) + 2/1. Suppose j = 9*i - 16*i + 70. Calculate the remainder when 18 is divided by i.
8
Let v(t) = -t**2 + 15*t - 6. Let p be 24 + -26 - 15*(-2)/1. Calculate the remainder when v(14) is divided by 133/p + (-1 - 5/(-4)).
3
Suppose -4*s - 399 = -2*b - 15, -2*s = 5*b - 912. Suppose 370 = 6*g - 194. Calculate the remainder when b is divided by g.
90
Suppose -3636 = -190*w + 187*w. What is the remainder when w is divided by 26?
16
Suppose -14*r + 9184 = 2*r. Suppose -8*b = 6*b - r. What is the remainder when b is divided by 21?
20
Let l(q) = 6*q + 66. Suppose -2*r = 3*n + 6, -3*n + 4*r = 25 - 37. What is the remainder when 391 is divided by l(n)?
61
Let d(p) = -23*p + 20. Let f be d(1). What is the remainder when 8 is divided by 2/f + ((-275)/33)/(-5)?
0
Let f = 61 - 52. Let c be ((-28)/(-21))/(6/f). Calculate the remainder when -122*(c + -3)*(-2)/(-4) is divided by 16.
13
Suppose -20*q + 25*q + 10 = 0. Let d = -2 + q. Calculate the remainder when (-3 + 17)/(d/(-18)) is divided by 13.
11
Suppose 277*y - 156 = 275*y. Calculate the remainder when y is divided by 27.
24
Let u be (60/(-3))/((-22)/(-143)). Suppose -3*i - 3*w - 54 = 0, 4*i - 5*w + 27 = -0*w. What is the remainder when (-973)/i + -4*5/u is divided by 26?
23
Suppose -5*i - 4*f = -73, -243*i + 246*i = -5*f + 49. Calculate the remainder when 2027 is divided by i.
12
Let a be (-9)/(-27) + (-16)/(-6). Suppose 5*k + 25 = 0, 5*r - 4*k + a*k - 515 = 0. Let d = -63 + r. What is the remainder when 272 is divided by d?
38
Let c(x) = -169*x + x**2 + 12 - 6 + 177*x + x**2. Suppose 4*q + b - 2*b = -29, -2*q = 5*b + 31. Calculate the remainder when c(q) is divided by 24.
22
Let u(w) = -11*w - 4. Let m be u(-5). Let y = m - 45. Suppose y*l - 6 = 3*l. Calculate the remainder when 5 is divided by l.
1
Suppose -3*d - 788 = -854. Calculate the remainder when (-214 - 0)*(4 + -5) is divided by d.
16
What is the remainder when (((-8100)/(-72))/75)/((-21417)/10710 + 2) is divided by 94?
91
Suppose -362442 = -197*a + 23*a. What is the remainder when a is divided by 18?
13
Let g(d) = 2*d**3 - 18*d**2 + 27*d - 63. Calculate the remainder when 50 is divided by g(8).
0
Calculate the remainder when (-12 + -4865)*((-5)/((-20)/12) - 4) is divided by 222.
215
Calculate the remainder when 255 is divided by -3*((-8)/12)/((-16)/(-136)).
0
Let v = 11962 + -11909. What is the remainder when 2069 is divided by v?
2
Suppose 0 = -234*i + 228*i + 450. What is the remainder when i is divided by 28?
19
Let o be (-19)/(-5) - (-78)/65. Suppose -3*j = 2*v - 1 + 11, -o*v = -5*j - 25. What is the remainder when 2 is divided by v?
0
Suppose -63*h = -89*h + 78. Suppose -41*v = h*q - 40*v - 333, 434 = 4*q - 2*v. Calculate the remainder when q is divided by 44.
22
Let m = 138 + -144. Let k = 65 - 21. What is the remainder when k is divided by (-19 - -25)*(-2)/m*8?
12
Suppose 35*q = -81*q + 13224. Calculate the remainder when 314 is divided by q.
86
Let z = -3678 + 3747. What is the remainder when 394 is divided by z?
49
Let z be 305/(-35) + -3 - 4/14. Calculate the remainder when (0 - -3)/(3/14) is divided by (1 - 1) + -14*z/14.
2
Suppose 42*n - 9 = 41*n. Suppose -8*s + 476 = n*s. Calculate the remainder when 49 is divided by s.
21
What is the remainder when 125 is divided by 24/108 + (3 - (-862)/9)?
26
Let x(n) = 14*n - 12. Calculate the remainder when x(26) is divided by 30.
22
Let b(w) = -140*w - 317. Calculate the remainder when b(-23) is divided by 83.
81
Suppose 8*u - 25234 = -11*u - 12*u. What is the remainder when u is divided by 164?
158
Let l(f) be the first derivative of -f**3/3 + 9*f**2 - 12*f - 275. Calculate the remainder when 231 is divided by l(16).
11
Let p(g) = -59*g**2 - 8*g + 5989. What is the remainder when p(0) is divided by 27?
22
Let a = 15 - -10. Suppose 5*x - a - 15 = 0. Suppose 5*p - 61 - 59 = -5*v, -102 = -3*v + 2*p. What is the remainder when v is divided by x?
6
Suppose -51*k = -736 - 80. Suppose 0 = 3*l + 2*l. Suppose l*d + 155 = 5*d. What is the remainder when d is divided by k?
15
Let r = 18 - -3. Suppose 4*d - r = 11. Let x = d + 6. What is the remainder when 69 is divided by x?
13
Suppose x + 3060 = 4*u + 3*x, 5*u + 3*x = 3826. Calculate the remainder when u is divided by 27.
8
Let q = 29 + -1. Let 